 common divisor of 272 and 14076?
68
Calculate the highest common factor of 44 and 6182.
22
What is the highest common factor of 44 and 858?
22
What is the highest common divisor of 275 and 175?
25
Calculate the greatest common divisor of 204 and 12.
12
What is the highest common divisor of 1008 and 98?
14
What is the highest common factor of 54 and 216?
54
What is the greatest common factor of 986 and 1836?
34
Calculate the greatest common divisor of 357 and 4879.
119
Calculate the greatest common factor of 4542 and 6.
6
What is the highest common divisor of 248 and 112?
8
Calculate the highest common factor of 2739 and 99.
33
What is the highest common divisor of 8 and 446?
2
What is the greatest common divisor of 80 and 5840?
80
Calculate the highest common divisor of 1456 and 784.
112
What is the highest common factor of 231 and 330?
33
What is the greatest common divisor of 3068 and 208?
52
What is the greatest common divisor of 1120 and 70?
70
What is the greatest common divisor of 17976 and 28?
28
Calculate the greatest common divisor of 319 and 451.
11
What is the highest common divisor of 63 and 6741?
63
Calculate the greatest common divisor of 132 and 948.
12
Calculate the greatest common divisor of 4 and 26.
2
What is the highest common factor of 40 and 640?
40
Calculate the greatest common factor of 12 and 36.
12
What is the greatest common factor of 65 and 234?
13
What is the highest common divisor of 13416 and 12?
12
Calculate the greatest common divisor of 109 and 84257.
109
What is the highest common divisor of 185 and 1702?
37
Calculate the greatest common factor of 160 and 460.
20
What is the highest common factor of 28 and 980?
28
Calculate the greatest common factor of 238 and 23.
1
What is the greatest common divisor of 279 and 36?
9
Calculate the highest common factor of 260 and 156.
52
What is the highest common divisor of 576 and 3264?
192
Calculate the highest common factor of 4000 and 32.
32
Calculate the greatest common divisor of 357 and 629.
17
What is the greatest common factor of 464 and 377?
29
What is the highest common divisor of 1010 and 30?
10
What is the highest common divisor of 880 and 240?
80
Calculate the greatest common divisor of 56 and 32.
8
What is the greatest common factor of 4630 and 40?
10
What is the highest common factor of 92 and 414?
46
Calculate the highest common factor of 64 and 10144.
32
Calculate the greatest common divisor of 108 and 729.
27
Calculate the greatest common factor of 51555 and 105.
105
Calculate the highest common factor of 1185 and 15.
15
What is the highest common factor of 2678 and 515?
103
Calculate the greatest common factor of 19 and 361.
19
Calculate the highest common factor of 3112 and 8.
8
Calculate the highest common factor of 18 and 8226.
18
What is the highest common divisor of 154 and 4774?
154
Calculate the greatest common factor of 84 and 7.
7
What is the greatest common factor of 464 and 32?
16
Calculate the greatest common factor of 42 and 189.
21
What is the highest common divisor of 24 and 30?
6
Calculate the highest common factor of 116 and 841.
29
Calculate the highest common factor of 15 and 4245.
15
Calculate the highest common factor of 1080 and 15.
15
Calculate the greatest common factor of 5030 and 10.
10
What is the greatest common divisor of 42 and 196?
14
What is the greatest common factor of 18 and 162?
18
What is the highest common factor of 12826 and 106?
106
Calculate the highest common divisor of 23 and 19711.
23
Calculate the highest common divisor of 1336 and 16.
8
What is the highest common divisor of 114 and 1164?
6
Calculate the greatest common divisor of 609 and 4641.
21
What is the highest common divisor of 58 and 58?
58
Calculate the greatest common factor of 10 and 1010.
10
What is the highest common divisor of 1428 and 8364?
204
Calculate the highest common divisor of 2279 and 371.
53
Calculate the greatest common divisor of 38 and 64.
2
Calculate the greatest common divisor of 2 and 5.
1
What is the greatest common factor of 732 and 24?
12
Calculate the highest common divisor of 25 and 31.
1
What is the highest common divisor of 1232 and 11?
11
What is the highest common factor of 639 and 142?
71
Calculate the highest common factor of 215 and 80.
5
What is the greatest common divisor of 9636 and 292?
292
What is the highest common divisor of 350 and 850?
50
Calculate the highest common divisor of 3409 and 7.
7
Calculate the greatest common factor of 99 and 459.
9
Calculate the highest common factor of 6 and 159.
3
What is the greatest common factor of 80 and 100?
20
Calculate the greatest common factor of 18 and 13.
1
What is the highest common factor of 110 and 10615?
55
Calculate the greatest common factor of 11 and 53933.
11
What is the greatest common factor of 25 and 775?
25
Calculate the greatest common factor of 300 and 96.
12
Calculate the highest common factor of 64 and 40.
8
What is the highest common factor of 24 and 888?
24
Calculate the highest common divisor of 462 and 72.
6
What is the highest common factor of 46 and 2162?
46
What is the highest common divisor of 45 and 45?
45
What is the greatest common factor of 475 and 190?
95
Calculate the greatest common divisor of 32 and 88.
8
Calculate the highest common divisor of 8592 and 48.
48
What is the greatest common factor of 88 and 11088?
88
What is the highest common factor of 42 and 51?
3
Calculate the greatest common divisor of 44 and 2794.
22
What is the highest common factor of 9058 and 14?
14
Calculate the greatest common factor of 187 and 68.
17
What is the highest common divisor of 567 and 14?
7
Calculate the greatest common factor of 4599 and 35.
7
Calculate the greatest common divisor of 27 and 108.
27
Calculate the highest common factor of 105 and 112.
7
What is the highest common factor of 1374 and 30?
6
What is the highest common divisor of 55 and 88?
11
What is the greatest common divisor of 5874 and 3382?
178
Calculate the greatest common divisor of 468 and 195.
39
Calculate the highest common factor of 3021 and 57.
57
Calculate the greatest common factor of 4 and 452.
4
What is the greatest common factor of 754 and 26?
26
Calculate the highest common divisor of 1012 and 253.
253
What is the greatest common factor of 44 and 1012?
44
What is the highest common factor of 6 and 858?
6
Calculate the highest common factor of 469 and 1474.
67
What is the greatest common factor of 2862 and 27?
27
Calculate the highest common divisor of 216 and 10440.
72
What is the highest common divisor of 10 and 22?
2
Calculate the greatest common divisor of 54 and 2025.
27
Calculate the highest common divisor of 11811 and 93.
93
Calculate the greatest common divisor of 117 and 18.
9
Calculate the greatest common divisor of 1463 and 133.
133
What is the greatest common divisor of 124 and 1023?
31
Calculate the greatest common divisor of 122 and 18.
2
What is the greatest common divisor of 38 and 38?
38
Calculate the highest common divisor of 32 and 56.
8
What is the greatest common factor of 55912 and 464?
232
What is the greatest common divisor of 8028 and 36?
36
What is the greatest common factor of 16 and 3728?
16
What is the greatest common factor of 1232 and 364?
28
What is the greatest common factor of 19871 and 31?
31
Calculate the highest common divisor of 12 and 12.
12
Calculate the highest common divisor of 730 and 146.
146
What is the greatest common factor of 4354 and 56?
14
What is the highest common factor of 366 and 10?
2
Calculate the highest common divisor of 12 and 27804.
12
Calculate the greatest common divisor of 166 and 9379.
83
Calculate the greatest common divisor of 27 and 513.
27
Calculate the greatest common factor of 4422 and 67.
67
What is the highest common factor of 60 and 20220?
60
Calculate the highest common divisor of 10 and 10.
10
What is the greatest common factor of 377 and 290?
29
What is the greatest common factor of 341 and 1067?
11
What is the highest common divisor of 400 and 4720?
80
Calculate the greatest common divisor of 8 and 2116.
4
Calculate the greatest common factor of 141 and 2726.
47
What is the highest common factor of 1169 and 49?
7
What is the highest common factor of 7 and 364?
7
Calculate the highest common